 divided by i.
12
Suppose 0 = -4*k + 84 + 64. What is the remainder when k is divided by (-1)/(((-16)/(-52))/(-4))?
11
Let p = -7 - -20. What is the remainder when 38 is divided by p?
12
Suppose 2*x + 2*x - 52 = 0. Let s(l) = l**3 + 16*l**2 - 6. Let j be s(-16). Let k(z) = 3*z**2 + 14*z + 1. Calculate the remainder when k(j) is divided by x.
12
Suppose -5*h - 46 = -181. Calculate the remainder when h is divided by 8.
3
Suppose -6*u = -4*u + 2*y - 14, 53 = 3*u - 5*y. Calculate the remainder when 318 is divided by u.
10
Suppose 2*k + 2*k + n - 10 = 0, 18 = 4*k + 5*n. What is the remainder when k is divided by 2?
0
Let s(a) = -a + 3. Suppose 3 = u - 3*w - 0, -2*u - 4*w = -6. Let j be s(u). Suppose 0 = -2*x - j*x + 6. Calculate the remainder when x is divided by 2.
1
Let q(m) = -m + 1. Let i = 5 - 8. Let z be q(i). Suppose 5*a - 71 = -z*n, 4*a = -6*n + 2*n + 68. Calculate the remainder when 26 is divided by n.
12
Let d(y) = y**3 - 2*y**2 + 1. Let h be d(-3). Let j = h + 88. Calculate the remainder when j is divided by 23.
21
Suppose -23*g - 231 = -26*g. Calculate the remainder when g is divided by 21.
14
Let f = 112 + -45. Let v = f + -46. Let a = -94 - -156. Calculate the remainder when a is divided by v.
20
Let k(o) = -o**3 - 5*o**2 - 4*o + 10. Calculate the remainder when k(-5) is divided by 17.
13
What is the remainder when 10/1*(-45)/(-10) is divided by 24?
21
Let j = -38 + 91. Suppose -218 = -5*y - j. Calculate the remainder when y is divided by 18.
15
Let f = 111 - 24. Calculate the remainder when f is divided by 18.
15
Suppose -4*f + 10 + 70 = -5*b, 0 = -2*f - 4*b + 40. What is the remainder when 99 is divided by f?
19
Let h(d) = -5*d - 4. Calculate the remainder when 47 is divided by h(-4).
15
Let q(h) = -4 + 8*h - h**2 - 5*h + 7*h. What is the remainder when q(4) is divided by 11?
9
Suppose 2*j - 6 = 0, 0*j - j = -2*n + 1617. What is the remainder when (12/(-10))/((-12)/n) is divided by 21?
18
Suppose -17*p + 52 = -13*p. Calculate the remainder when 50 is divided by p.
11
Suppose 0 = 2*f + f + 3*u - 42, f + 2*u = 12. Let m = -71 + 118. Calculate the remainder when m is divided by f.
15
Let h be -1 + (0 + -2 - -5). Suppose -2*b + 4*x + 6 = -18, 4*b = -h*x - 2. Calculate the remainder when b is divided by 2.
0
Let o = -80 + 133. Calculate the remainder when 39 is divided by 9/(-15) - o/(-5).
9
Let u(k) = k**2 + 7*k + 5. Let t be u(-7). Suppose 0 = 4*m + q - 317, t*m - 3*q - 467 = -75. What is the remainder when m is divided by 20?
19
Let q = -389 - -569. Let i = -7 + 10. Suppose 2*j = -i*j + q. What is the remainder when j is divided by 13?
10
Let c be -4*(2 + 0) + 2. Let p = c + 19. What is the remainder when 38 is divided by p?
12
Suppose -4*d - 59 + 167 = 0. Calculate the remainder when 213 is divided by d.
24
Let y(h) = -2*h - 4. What is the remainder when y(-6) is divided by (-2)/(-6) - (-8)/3?
2
Suppose -2*w + 2 = -0*w, 146 = 4*f - 2*w. Calculate the remainder when 145 is divided by f.
34
Suppose s - 5 = -4*n, 3*n + 14 = 4*s - 6. Suppose -s*a + 2*a = -27. Calculate the remainder when 26 is divided by a.
8
Suppose 4*y + 0*y - 12 = 0, 5*f = 5*y + 5. What is the remainder when f is divided by 1?
0
Let b be (-3)/(-4) + (-102)/(-24). Suppose b*l - 53 - 2 = 0. What is the remainder when ((-62)/(-1))/2*1 is divided by l?
9
Let k be (-3)/((-6)/2) - -1. Suppose k*s = -2*q - 8, -2 = q - s + 2. What is the remainder when 5 is divided by -3*(-2 - q/3)?
1
Let y be 2/3 + 14/6. Suppose -4*h - 5*t - 145 = -9*h, -y*t = -5*h + 151. What is the remainder when h is divided by 11?
10
Let b(m) = m**3 + 2*m**2 + 14. What is the remainder when 38 is divided by b(0)?
10
Suppose 21*q - 26*q + 310 = 0. What is the remainder when q is divided by 6/21 - 178/(-14)?
10
Suppose -2*h - h = -33. What is the remainder when 64 is divided by h?
9
Let o(q) = q + 4. Let u be o(0). Suppose a + u*a - 130 = 0. What is the remainder when a is divided by 9?
8
Suppose -4*n + 1 = -3*n. Let j(a) = -5*a - 29. Calculate the remainder when n is divided by j(-6).
0
Let z = 58 + -39. Let u = -64 + 100. Calculate the remainder when u is divided by z.
17
Suppose p + b + 31 = -p, 4*b = -4. Calculate the remainder when 28 is divided by (-3)/((5 + -2)/p).
13
Let p be (-6)/(-1*(-2)/3). Calculate the remainder when 14 is divided by (30/p)/(4/(-6)).
4
Let p(k) = -k**3 - k**2 - 1. Let d be p(0). Let s(q) = q**3 - 2*q**2 - q + 3. Calculate the remainder when 17 - 0*d*1 is divided by s(3).
8
Let p(x) = x**3 + 12*x**2 + 17*x + 23. Calculate the remainder when p(-10) is divided by 27.
26
Let q(x) = -x + 16. Let z be q(14). Let w = 11 + z. What is the remainder when 24 is divided by w?
11
Suppose 3*d + d - i - 529 = 0, 5*i = 2*d - 287. Suppose -d = -3*x - x - j, 68 = 2*x - 2*j. Calculate the remainder when x is divided by 18.
15
Suppose -2*p + 3*a = -2*a - 7, -5*p - a - 50 = 0. Let t = -6 - p. What is the remainder when 8 is divided by t?
2
Let d(f) = 10*f**3 + 3*f - 1. What is the remainder when d(2) is divided by 22?
19
Let b = 84 + -128. What is the remainder when b/1*8/(-16) is divided by 12?
10
Suppose -3*l + 18 = 3*o, -5*o - 18 = -3*l - 2*o. Suppose 5*n = -4*w + 30, -3*n + n = 2*w - 14. Let u = w + -2. What is the remainder when l is divided by u?
0
Let c = 27 + -13. Let f = 23 - c. Calculate the remainder when f is divided by 6.
3
Suppose -12 = -4*c + 8. Let z = -2 + 4. Calculate the remainder when (42/(-9))/(z/(-6)) is divided by c.
4
Calculate the remainder when 24 is divided by (27/6)/(3/6).
6
Let y(a) = a + 7. Calculate the remainder when -3 - (6/(-15))/(2/190) is divided by y(5).
11
Let q(v) = 7 - 3 - 5 - 10*v. Let l be (-8)/(-3)*6/(-4). Calculate the remainder when q(l) is divided by 20.
19
Let m(z) = 26*z. Let g be m(1). Suppose o - j - 6 = 4, -g = -4*o - 3*j. Calculate the remainder when o is divided by 3.
2
Suppose 0 = 4*s + 57 - 469. Calculate the remainder when s is divided by 35.
33
Let p(y) = 7*y**2 + 16*y - 7. Let d(l) = 6*l**2 + 15*l - 6. Let g(z) = -6*d(z) + 5*p(z). Calculate the remainder when g(-6) is divided by 9.
7
Suppose u + 3*u - 80 = 0. Calculate the remainder when 39 is divided by u.
19
Suppose -5*i + 11 + 9 = 0. Calculate the remainder when 42 is divided by (i + -3)*(11 + 0).
9
Let x(k) = -k**3 + 5*k**2 + 7*k + 2. Suppose 189 = 8*t - 35. What is the remainder when t is divided by x(6)?
4
Suppose t + 15 = -2*p, -2*t = -0*t + p + 15. Let q = 12 + t. What is the remainder when q is divided by 3?
1
Calculate the remainder when 8/(-28) + (-144)/(-14) is divided by 4.
2
Let o(z) = -80*z + 1. Let b = -26 - -47. Calculate the remainder when o(-1) is divided by b.
18
Let i = 93 - 56. What is the remainder when 146 is divided by i?
35
Let x be (-4)/(-30) - (-12)/(-90). Suppose h + 5*u - 41 = x, 4*h + 7*u - 148 = 3*u. Calculate the remainder when h is divided by 13.
10
Let y(v) = -23*v - 1. Let a(o) = -o**2 - 2*o - 1. Let j be a(-2). Let q be y(j). Calculate the remainder when 3*(-2 + 3) + q is divided by 13.
12
Let z be (-11)/1*(-1 + 2). Let t = 43 + z. Let y = -9 - -20. What is the remainder when t is divided by y?
10
Suppose -t - k + 5 + 4 = 0, 3*k = 3*t - 21. Let u be (-19)/(-4) - 3/(-12). Let z = 10 - u. Calculate the remainder when t is divided by z.
3
Suppose -2*w = 2*w - 5*l + 5, -2*w = -4*l + 4. Suppose -5*x - 13 + 33 = w. Let v = -6 - -13. What is the remainder when v is divided by x?
3
Suppose 3*i + 5 = 3*q - 253, 4*q - 5*i = 344. What is the remainder when q is divided by 30?
26
Let x(l) be the first derivative of l**4/4 - 5*l**3/3 - 9*l**2/2 + l - 2. Calculate the remainder when x(7) is divided by 19.
17
Let h(q) = 10*q**2 - 4*q + 3. Let v be 5/((-45)/6)*-3. Suppose 33 = 3*f - 3*m, -v*m - 46 = -5*f + f. Calculate the remainder when h(2) is divided by f.
11
Let h = 1 + 12. What is the remainder when 29 is divided by h?
3
Let n be ((-4)/8)/(1/60). Let c be (-6)/(-15)*n/2. Let p = c - -16. Calculate the remainder when p is divided by 4.
2
Suppose -5*y - 5 = 15. Let m be 2/y - (-9)/2. Suppose m*t = -t + 70. What is the remainder when 40 is divided by t?
12
Let y = 705 - 698. Suppose -4*f + 2*v + 84 = 0, -4*f = -9*v + 4*v - 90. Calculate the remainder when f is divided by y.
6
Let n(g) = 4*g**2 + 2*g - 1. Let u = -29 + 18. Let y = -7 - u. Calculate the remainder w